6*s - 572 + 1642. Calculate o(s).
0
Let m(k) be the third derivative of 2*k**2 - 1/60*k**5 + 0*k + 5/24*k**4 + 2*k**3 + 103. Calculate m(9).
-24
Let v be 2/(-3 + 114/30)*(6 + -2). Let i(w) = -w**3 + 9*w**2 + 3*w + 67. Give i(v).
-3
Let v(f) = 3*f + 1. Let n be (20/15 + -1)/((-3)/(-81)). Let i(t) = -22 - 2*t + n*t - 5*t. Let o be i(12). What is v(o)?
7
Let m(f) = f + 3. Suppose 0 = 6*z + 19 + 149. Let r be (-1)/(-6) - z/(-168). Let g be 0 + (-12 - r)/3. Determine m(g).
-1
Let p(y) = -5*y**3 - 12*y**2 + y + 9. Let i(a) = 2*a**3 - a. Let o(g) = 2*i(g) + p(g). Let l(t) = -t**2 - t. Let m(n) = 6*l(n) - o(n). Give m(-6).
21
Suppose 0 = -3*l + 3*d + 17 - 251, 141 = -2*l - 3*d. Let m = l + 153. Let j = 77 - m. Let v(n) = -9*n. What is v(j)?
9
Let d(b) = b**2 + 19*b + 4. Suppose 17*x + 245 - 7 = 0. What is d(x)?
-66
Let d(z) = -21*z - 1966 + 3696 - 1902. Calculate d(-8).
-4
Let l(b) = -12*b + 258. Suppose -14*m = -44*m + 630. Give l(m).
6
Let q(w) = -w + 51 + 3*w + 3*w + 6*w - 6*w. Calculate q(-8).
11
Let r(m) = -m**2 - 15*m + 4. Suppose 3*h - 11 = 1, 2*c + 2*h = 20. Let d be (45/6)/((-21)/c + 3). Calculate r(d).
4
Let r(d) be the second derivative of -d**4/12 - 3*d**3/2 + 3*d**2 + 4*d. Let v be -3 + 1*(-65)/52*4. Calculate r(v).
14
Let r(t) = 13*t**2 + 12*t + 4657 - 4693 - 12*t**2. Determine r(-17).
49
Let q(g) = -g**3 - 19*g**2 + 42*g + 5. Let p be q(-21). Let n(x) = -x**2 + 16*x - 12. Let c(k) = -2*k + 2. Let w(l) = -4*c(l) - n(l). What is w(p)?
-11
Let a(j) = 3482 + 17*j - 6980 + j**2 + 3537. Give a(-16).
23
Let i(c) = -94*c + 12. Let x(m) = -87*m + 11. Let s(k) = 10*i(k) - 11*x(k). Suppose -3*n + 1 = 4. Give s(n).
-18
Let j(l) = 19*l**2 - 40*l**2 - 6 + 20*l**2 + 4*l. Suppose 384 - 124 = 4*k. Suppose 0 = 12*o + o - k. Calculate j(o).
-11
Let n(z) = -14*z - 68 - z**2 + 27 + 11 - 3*z**2. Give n(-6).
-90
Let o = -503 + 507. Let p(a) = -2*a - 1 - 3*a + a - o*a + 0*a. Calculate p(4).
-33
Let f(s) = -53*s**2 + 171*s**2 + 8*s - 58*s**2 + 7 - 61*s**2 + 1. Determine f(8).
8
Let x = -41755 - -41756. Let c(m) = 30*m**3 + 3*m - 1. Give c(x).
32
Let g = 854 - 853. Let x(s) = -36*s**2 - 4*s + 2. Let m(z) = 53*z**2 + 6*z - 3. Let n(v) = 5*m(v) + 8*x(v). Calculate n(g).
-24
Let h(m) = m + 12. Let w be -1 + (-1044)/(-10) + 2/(-5). Suppose -47 - w = 30*l. Give h(l).
7
Let p(f) = f**2 + 4*f - 18. Let g be p(-12). Let b(o) = 2*o**2 - 158 + 81 + g. Calculate b(-2).
9
Let b be 10/(-5)*72/2. Let u = b - -73. Let g(y) = -2*y**3 - 8*y**2 + 8*y - 1. Let t(o) = -o**3 + o**2 - o. Let r(k) = g(k) + 6*t(k). Give r(u).
-9
Let s(h) = 4*h - 6. Let o(u) = 8*u**2 + 4*u. Suppose 11 = 4*l - 5*g, -3*l = -0*l + 5*g + 18. Let b be l/(-3) + 40/(-30). Let w be o(b). Determine s(w).
10
Let z(k) = k**2 + 2*k - 4. Suppose 5*h = -1 + 26. Suppose 0 = -2*i + h*i - 102. Let n be (-6)/(-24) + i/(-8). Give z(n).
4
Let r(f) = f**2 + 20. Suppose 2*l + 6*x = x + 2*x, 13*x - 4*x = 0. What is r(l)?
20
Let q(t) = 9481*t**3 - 4742*t**3 - 16*t**2 - 2*t - 2 - 4738*t**3. Determine q(16).
-34
Suppose -39 = k + 5*q, q = 3*q + 8. Let x be 0 + -1 - 57/k. Let t(a) = -1 + 0*a**2 + x*a**2 - 3*a**2 + 2*a**2. What is t(1)?
0
Let v be 4*(3/2)/3. Let o be (27/(-1 - 2))/(-1). Let c(u) = -o*u + 4 - 11*u + 15*u + u**v. Calculate c(5).
4
Suppose -p + u = 18, -4*u = -p - 2*u - 21. Let g(l) = -8*l**2 + l**3 + 7*l**2 - 15 + 12*l**2 - 20 + 13*l + 5*l**2. Give g(p).
-5
Let f(c) = 3*c**2 - c + 1. Let j(m) be the second derivative of -m**4/12 + m**3/2 + 29*m**2/2 - 45*m. Let t be j(7). What is f(t)?
3
Let m(k) = 5*k + 13. Let x(s) = 3*s + 6. Let t(z) = -4*m(z) + 9*x(z). Suppose -195*g + 1007 = -1202*g. Determine t(g).
-5
Let s(k) = 2 - 11 - 5*k - 2 + 6*k. Let a be s(16). Let q(b) = -7*b + 7. Let p(w) = w - 1. Let o(m) = a*p(m) + q(m). What is o(-4)?
10
Let d(r) = r**2 - 7*r + 4. Let c(w) = -3*w - 21. Let z be 3/(3 - (-19)/(-6)). Let h be c(z). Let f = -28 + h. What is d(f)?
-6
Let y(l) = 31*l**2 - 148*l + 2. Let w(p) = 10*p**2 - 49*p. Let x(c) = 7*w(c) - 2*y(c). Let v be x(6). Let z(n) = n**3 - 6*n**2 + 2*n + 2. Give z(v).
-10
Let q(f) be the first derivative of -f**2/2 + 13*f - 1839. Let o be 9 + -2 + 0/1. What is q(o)?
6
Suppose 364 = 2*b - 96. Suppose 8*t - 54*t + b = 0. Let q(a) = 3 + 2 - a**3 + 4*a**2 + 2. Give q(t).
-18
Let c(x) = -4*x**2 - 52*x + 12. Let v be c(-12). Let q be ((-10)/50)/((-3)/v). Let r(g) = g - 3. Give r(q).
1
Suppose 2*i + u = -0*i + 7, 5*i = u + 28. Let s(p) = 7*p**3 - 7*p**2 - 21*p + 73. Let q(r) = -r**3 + 4*r - 11. Let k(y) = -6*q(y) - s(y). Calculate k(i).
28
Let q(w) = -w**3 + 2*w**2 + 43*w - 114. Let x be q(3). Let m(p) = -p**3 + 6*p**2 + 6*p + 10. Give m(x).
46
Let o(u) = -u**3 - 5*u**2 + 4*u - 4. Let w(l) be the first derivative of l**2/2 + l - 15. Let t = -16 - -15. Let m(i) = t*o(i) + 2*w(i). Give m(-5).
16
Let g(y) be the second derivative of -y**3/2 - 39*y**2/2 - y - 1189. Give g(-12).
-3
Let u(i) = 263*i - 784. Let g be u(3). Let v(p) = -p - 1. Let z(a) = -a**2 + 5*a + 8. Let x(j) = 3*v(j) + z(j). Give x(g).
-10
Let t = -62 - -84. Let x be 1*-3*t/33. Let h be (4/(-8))/(x/(-12)) - -5. Let d(m) = -m**2 - m. Give d(h).
-6
Let v be (7 - 16 - (-56)/(-7))/((-1)/(-1)). Let m(b) = 11*b + 180. Determine m(v).
-7
Let f(l) = 85*l**2 + 688*l + 103. Let a(n) = 6*n**2 + 53*n + 8. Let s(w) = -27*a(w) + 2*f(w). What is s(7)?
-3
Let y(f) be the third derivative of -f**6/360 + f**4/8 + 4*f**3/3 - 53*f**2. Let g(h) be the second derivative of y(h). Give g(-2).
4
Let j(c) = 2581 - 4761 + 24*c + 2223. Calculate j(-3).
-29
Let s(a) = 11*a - 37. Let j(c) = -21*c + 63. Let k(h) = 6*j(h) + 11*s(h). Determine k(-7).
6
Let y = 3504 + -3518. Let d(q) = q**3 + 16*q**2 + 25*q - 42. Determine d(y).
0
Suppose 2*j + 4*r = 20, -3*j + 8 = -j + r. Let c(l) = -l - 8. Let d(a) = -14. Let p = -115 + 120. Let f(z) = p*c(z) - 3*d(z). Determine f(j).
-8
Suppose -6 = 3*i, -2*m - 16 = -4*i - 40. Let n(t) = -2*t - t - 8 + 4*t. Determine n(m).
0
Let a(o) = -o**2 + 31*o - 22. Suppose 67 = 2*c - t, -3*t = -c - c + 81. What is a(c)?
8
Suppose -51*p + 72*p + 294 = 0. Let u(d) = -d**3 - 15*d**2 - 16*d - 16. Calculate u(p).
12
Let l(s) = s**2 + 7*s + 9. Let j(q) = 18*q - 66. Let p be j(4). Let z be 8/p*(-108)/24. What is l(z)?
3
Let o(m) be the second derivative of -m**5/20 + 5*m**4/12 - 5*m**3/6 - 2*m**2 + 270*m. Let a = -2 - -6. Suppose 12 = a*h - h. Determine o(h).
-8
Let c(b) = -b**2 - 2*b + 3. Suppose 0 = 5*m - 21*m + 48. Let g(o) = -o + 2. Let l(p) = m*c(p) - 5*g(p). Give l(-1).
-3
Let s(d) = -3*d**2 - 20*d + 25. Let c(g) = 2*g**2 + 13*g - 17. Let w = 235 + -230. Let o(f) = w*s(f) + 7*c(f). Give o(-8).
14
Let p(n) = -n**3 - 23*n**2 + 13. Let l(x) = 4*x**2 - 89*x + 439. Let a be l(14). What is p(a)?
13
Let o(q) be the second derivative of q**7/2520 - q**6/240 - q**5/30 - q**4/12 + 23*q**3/3 + 3*q + 22. Let j(y) be the third derivative of o(y). Give j(5).
6
Let q(n) = 8*n - 4 - n + 3. Suppose z = -5*c - 2*z + 14, -3*c = -z. Determine q(c).
6
Suppose -4*x - 23 = -8*b + 7*b, -b + 2*x = -15. Let l(c) = c**3 - 8*c**2 + 3*c + 27. Give l(b).
-1
Suppose -5*l + 603 = 2*t, -t - 4*l + 289 = l. Let k(d) = 150*d + 2 - t*d + 156*d. Give k(-2).
18
Let x(t) = t + 7. Let f(c) = -9*c**2 + c - 6. Let o be f(0). Let v(h) = 2*h + 8. Let j be 5 - -5 - (0 + 3). Let k(u) = j*x(u) + o*v(u). Give k(-1).
6
Let k(z) = 6*z + 31. Suppose 0 = 3*p + 3*y + 15, 3 + 3 = 3*p - 4*y. Suppose -8*q + 8 + 80 = 0. Let o(d) = d + 6. Let a(w) = p*k(w) + q*o(w). Determine a(5).
-1
Suppose 37*v + 14 = i + 34*v, 5*i = v + 14. Let r(j) = -1593*j + j**i + 1593*j. Suppose 0 = -4*t + y - 17, -2*y + 7 = -t + 1. Determine r(t).
16
Let f(a) = -a**2 + 9*a - 10. Let p(x) = 2*x**2 - 48*x - 63. Let k(i) = -i**2 + 23*i + 31. Let c(j) = -9*k(j) - 4*p(j). Let l be c(17). Give f(l).
4
Let i(b) = -b**3 - 11*b**2 + 3*b + 27. Suppose 6 = -2*y, -5*y - 39 = 3*l + 9. What is i(l)?
-6
Suppose 0*d - 3*f + 53 = -4*d, -2*d - 23 = -5*f. Let r = 16 + 1. Let h = d + r. Let k(a) = a**3 - 2*a**2 - 4*a + 1. What is k(h)?
-2
Let q = 12 - 11. Let r = 100 - 94. Let v(h) = -618*h + 619*h + r*h**2 - h**2. Determine v(q).
6
Suppose -10 + 4 = -2*i. Suppose -3*t = 2*a - t - 10, 0 = a - i*t + 15. Let k(q) = -q**3 + 2*q**2 - q - 4. Give k(a).
-4
Let p(f) = -2*f**2 + 57*f - 359. Let w be p(9). Let x(i) = i**3 + 7*i**2 - 